st the prime factors of 117917.
117917
List the prime factors of 14232876.
2, 3, 7, 17, 9967
What are the prime factors of 4784311?
7, 251, 389
List the prime factors of 63610.
2, 5, 6361
List the prime factors of 81774.
2, 3, 7, 11, 59
What are the prime factors of 3760441?
3760441
What are the prime factors of 218998?
2, 13, 8423
List the prime factors of 2167418.
2, 11, 98519
List the prime factors of 14935929.
3, 739, 6737
What are the prime factors of 2208156?
2, 3, 184013
List the prime factors of 281915.
5, 56383
List the prime factors of 24677666.
2, 13, 23, 29, 1423
List the prime factors of 242755.
5, 47, 1033
List the prime factors of 184339.
337, 547
What are the prime factors of 612725?
5, 24509
List the prime factors of 19438027.
7, 661, 4201
What are the prime factors of 14001817?
47, 297911
List the prime factors of 938692.
2, 234673
List the prime factors of 9029755.
5, 7, 257993
List the prime factors of 264220.
2, 5, 11, 1201
What are the prime factors of 11215686?
2, 3, 269, 6949
List the prime factors of 270430.
2, 5, 27043
What are the prime factors of 27297902?
2, 89, 153359
List the prime factors of 1395107.
7, 41, 4861
List the prime factors of 179074.
2, 7, 12791
What are the prime factors of 298241?
23, 12967
List the prime factors of 186780.
2, 3, 5, 11, 283
What are the prime factors of 3883213?
3883213
What are the prime factors of 247475?
5, 19, 521
What are the prime factors of 290415?
3, 5, 19, 1019
List the prime factors of 1616883.
3, 71, 7591
List the prime factors of 819348.
2, 3, 68279
List the prime factors of 6012.
2, 3, 167
What are the prime factors of 580250?
2, 5, 11, 211
What are the prime factors of 221109?
3, 7, 10529
What are the prime factors of 822483?
3, 91387
What are the prime factors of 8252080?
2, 5, 19, 61, 89
What are the prime factors of 2692431?
3, 7, 42737
List the prime factors of 1338278.
2, 23, 47, 619
What are the prime factors of 4460786?
2, 11, 18433
What are the prime factors of 186132?
2, 3, 15511
List the prime factors of 3740603.
199, 18797
What are the prime factors of 3635396?
2, 908849
List the prime factors of 1866954.
2, 3, 379, 821
List the prime factors of 5578646.
2, 197, 14159
What are the prime factors of 3553323?
3, 17, 19, 193
What are the prime factors of 16664116?
2, 7, 85021
List the prime factors of 275094.
2, 3, 17, 29, 31
What are the prime factors of 4214459?
1237, 3407
What are the prime factors of 3322990?
2, 5, 11, 17, 1777
What are the prime factors of 1792434?
2, 3, 7, 42677
List the prime factors of 428334.
2, 3, 71389
List the prime factors of 1589639.
101, 15739
What are the prime factors of 40445?
5, 8089
What are the prime factors of 194509?
7, 37, 751
What are the prime factors of 939320?
2, 5, 23, 1021
List the prime factors of 91078.
2, 13, 31, 113
List the prime factors of 623045.
5, 353
List the prime factors of 177889.
177889
List the prime factors of 13686408.
2, 3, 21121
What are the prime factors of 1506598?
2, 109, 6911
List the prime factors of 656446.
2, 7, 46889
List the prime factors of 7908284.
2, 61, 32411
What are the prime factors of 278359?
251, 1109
What are the prime factors of 449496?
2, 3, 2081
What are the prime factors of 1819567?
461, 3947
What are the prime factors of 1334935?
5, 7, 43, 887
List the prime factors of 14661252.
2, 3, 407257
List the prime factors of 13202793.
3, 127, 11551
What are the prime factors of 554430?
2, 3, 5, 18481
What are the prime factors of 13721870?
2, 5, 1372187
List the prime factors of 413165.
5, 82633
List the prime factors of 689554.
2, 17, 1193
List the prime factors of 814126.
2, 461, 883
What are the prime factors of 181692?
2, 3, 7, 103
List the prime factors of 1505110.
2, 5, 41, 3671
What are the prime factors of 1259115?
3, 5, 11, 13, 587
What are the prime factors of 7968809?
19, 79, 5309
What are the prime factors of 8005811?
11, 181, 4021
What are the prime factors of 26281985?
5, 23, 228539
List the prime factors of 11140274.
2, 41, 103, 1319
List the prime factors of 3313046.
2, 11, 41, 3673
List the prime factors of 25577161.
25577161
What are the prime factors of 19290346?
2, 9645173
What are the prime factors of 740694?
2, 3, 123449
List the prime factors of 126284.
2, 131, 241
List the prime factors of 47548.
2, 11887
What are the prime factors of 2072802?
2, 3, 79, 4373
List the prime factors of 5332057.
577, 9241
What are the prime factors of 449806?
2, 7, 19, 89
List the prime factors of 140131.
17, 8243
What are the prime factors of 34425?
3, 5, 17
List the prime factors of 2011234.
2, 1005617
What are the prime factors of 79994?
2, 23, 37, 47
What are the prime factors of 1784890?
2, 5, 178489
List the prime factors of 4542051.
3, 353, 4289
List the prime factors of 158057.
179, 883
What are the prime factors of 1151525?
5, 46061
What are the prime factors of 1665974?
2, 832987
What are the prime factors of 7060505?
5, 139, 10159
What are the prime factors of 1189118?
2, 7, 157, 541
What are the prime factors of 510737?
41, 12457
What are the prime factors of 279895?
5, 7, 11, 727
What are the prime factors of 413565?
3, 5, 79, 349
List the prime factors of 1078579.
59, 101, 181
What are the prime factors of 1102460?
2, 5, 199, 277
What are the prime factors of 1348141?
691, 1951
What are the prime factors of 159021?
3, 17669
What are the prime factors of 3542402?
2, 1771201
What are the prime factors of 2756390?
2, 5, 7, 13, 233
What are the prime factors of 5598376?
2, 7, 99971
What are the prime factors of 527644?
2, 13, 73, 139
List the prime factors of 967703.
11, 87973
List the prime factors of 797712.
2, 3, 16619
List the prime factors of 666674.
2, 333337
What are the prime factors of 3206004?
2, 3, 267167
List the prime factors of 553211.
553211
What are the prime factors of 9948187?
2029, 4903
List the prime factors of 117551.
7, 2399
List the prime factors of 2053788.
2, 3, 11, 15559
List the prime factors of 2510259.
3, 836753
What are the prime factors of 22171489?
3943, 5623
List the prime factors of 68920.
2, 5, 1723
What are the prime factors of 7144667?
193, 37019
What are the prime factors of 18682861?
103, 181387
List the prime factors of 13409610.
2, 3, 5, 443, 1009
What are the prime factors of 3642075?
3, 5, 16187
List the prime factors of 733029.
3, 11, 97, 229
List the prime factors of 412659.
3, 13, 3527
List the prime factors of 12843485.
5, 2568697
What are the prime factors of 1324855?
5, 7, 37853
What are the prime factors of 50693?
163, 311
List the prime factors of 188502.
2, 3, 89, 353
What are the prime factors of 628154?
2, 314077
List the prime factors of 1838243.
11, 167113
List the prime factors of 1322194.
2, 661097
List the prime factors of 341300.
2, 5, 3413
What are the prime factors of 3102315?
3, 5, 206821
What are the prime factors of 5726663?
5726663
List the prime factors of 5512517.
587, 9391
List the prime factors of 120078.
2, 3, 7, 953
What are the prime factors of 4079505?
3, 5, 271967
List the prime factors of 640757.
13, 23, 2143
What are the prime factors of 949295?
5, 189859
What are the prime factors of 66173?
66173
What are the prime factors of 2743610?
2, 5, 274361
What are the prime factors of 49677?
3, 29, 571
List the prime factors of 71770.
2, 5, 7177
What are the prime factors of 1951857?
3, 24097
What are the prime factors of 1308712?
2, 29, 5641
List the prime factors of 4428763.
47, 94229
What are the prime factors of 366880?
2, 5, 2293
What are the prime factors of 25557947?
25557947
What are the prime factors of 2805778?
2, 71, 19759
List the prime factors of 286.
2, 11, 13
List the prime factors of 2244693.
3, 11, 251, 271
What are the prime factors of 1081828?
2, 11, 23, 1069
List the prime factors of 1637383.
11, 148853
What are the prime factors of 53964?
2, 3, 1499
List the prime factors of 2205.
3, 5, 7
What are the prime factors of 1054607?
1054607
What are the prime factors of 3712879?
257, 14447
List the prime factors of 1292944.
2, 80809
List the prime factors of 4952712.
2, 3, 17, 61, 199
What are the prime factors of 712249?
17, 41897
List the prime factors of 684534.
2, 3, 114089
What are the prime factors of 3251966?
2, 191, 8513
List the prime factors of 200487.
3, 7, 9547
List 